tor of 741 and 197782.
13
What is the greatest common divisor of 3679405152 and 96?
96
What is the highest common factor of 2344 and 157166958?
586
What is the greatest common factor of 32592 and 1360328?
776
Calculate the highest common divisor of 2659904 and 1624168.
2392
Calculate the greatest common divisor of 194346440 and 380.
380
What is the greatest common divisor of 44323762 and 44450?
1778
What is the greatest common factor of 1674692925 and 150?
75
What is the highest common factor of 597910360 and 60?
20
Calculate the highest common divisor of 274 and 892555.
137
Calculate the highest common divisor of 1285281 and 46551.
789
What is the highest common factor of 13758495 and 2580?
645
Calculate the greatest common divisor of 1698104 and 20038.
466
What is the highest common factor of 1473883 and 2532473?
8143
Calculate the highest common divisor of 18875 and 260825.
25
What is the greatest common divisor of 120 and 200990?
10
What is the greatest common divisor of 252975 and 1275?
75
Calculate the greatest common factor of 1960 and 53860.
20
What is the greatest common divisor of 544 and 4481132?
68
Calculate the greatest common divisor of 3392448 and 2496.
192
Calculate the greatest common divisor of 44803456 and 16.
16
What is the greatest common factor of 6893775 and 350?
175
What is the highest common divisor of 18303900 and 3825?
1275
What is the highest common factor of 16106344 and 408?
136
What is the highest common divisor of 1349120493 and 5202?
2601
Calculate the highest common factor of 336 and 1400413.
7
What is the highest common divisor of 1838900 and 12780?
1420
Calculate the highest common divisor of 31039680 and 10976.
224
What is the highest common divisor of 58420 and 98555?
115
What is the highest common factor of 36 and 32817051?
9
Calculate the highest common divisor of 11496519 and 8095.
1619
What is the greatest common divisor of 17095685 and 71488?
1117
Calculate the greatest common factor of 106027 and 879360.
229
What is the greatest common divisor of 226435 and 145475?
1265
What is the greatest common divisor of 376 and 17605260?
188
Calculate the highest common factor of 4106228 and 160272.
1484
What is the highest common factor of 63008644 and 8?
4
Calculate the greatest common divisor of 69344 and 9504.
352
Calculate the highest common factor of 25881432 and 120.
24
Calculate the greatest common factor of 376 and 35385830.
94
What is the highest common factor of 632555 and 495?
55
Calculate the greatest common factor of 3456 and 13348096.
128
Calculate the greatest common divisor of 68434357 and 4491.
499
Calculate the highest common divisor of 70588102 and 122.
122
What is the greatest common divisor of 9106 and 642601?
157
What is the highest common divisor of 31742 and 281374?
538
What is the highest common factor of 3129972 and 4288?
268
What is the greatest common factor of 455 and 480987?
13
What is the greatest common factor of 14 and 328723?
1
What is the greatest common factor of 65181 and 28?
1
Calculate the greatest common divisor of 115450 and 2740.
10
What is the highest common factor of 37582 and 302?
2
Calculate the highest common factor of 2288 and 11052613.
143
What is the highest common factor of 7 and 20598683?
7
What is the highest common factor of 364 and 412180132?
364
Calculate the highest common divisor of 22040 and 310520.
40
Calculate the highest common divisor of 780 and 710520.
60
Calculate the greatest common divisor of 494572126 and 102.
34
What is the highest common factor of 23 and 34999997?
23
Calculate the greatest common divisor of 369698 and 2422.
14
Calculate the highest common factor of 20677380 and 120.
60
Calculate the greatest common divisor of 1771 and 187243.
161
Calculate the greatest common divisor of 140 and 16333835.
35
Calculate the highest common factor of 442359330 and 475.
95
Calculate the highest common factor of 33 and 5103505.
11
Calculate the greatest common divisor of 5980 and 2644540.
460
What is the highest common factor of 183 and 4159895?
61
Calculate the highest common factor of 2528 and 10921197.
79
What is the greatest common factor of 12024700 and 1900?
100
What is the highest common divisor of 412804 and 20263?
23
What is the highest common factor of 1175814 and 1890?
18
Calculate the greatest common factor of 1130568 and 723656.
2312
Calculate the highest common factor of 12569771 and 436.
109
What is the highest common divisor of 336670348 and 28?
28
Calculate the greatest common divisor of 104586 and 3174.
6
What is the highest common divisor of 33101 and 18091?
79
What is the highest common factor of 34594 and 4097624?
706
What is the greatest common divisor of 126255 and 6760623?
1329
Calculate the greatest common factor of 3070951 and 20995.
247
Calculate the highest common factor of 4212585 and 35815.
1235
What is the greatest common divisor of 216540 and 149040?
540
Calculate the greatest common divisor of 455 and 5759195.
65
What is the greatest common divisor of 240308346 and 1812?
906
Calculate the highest common factor of 9920 and 62868.
124
Calculate the greatest common factor of 124233 and 51.
3
Calculate the greatest common divisor of 3086037 and 20691.
171
What is the highest common divisor of 14898 and 4533576?
1146
Calculate the greatest common factor of 47426 and 27784.
46
Calculate the greatest common divisor of 16929 and 24693597.
171
Calculate the highest common factor of 1386308 and 655424.
2156
Calculate the greatest common factor of 37 and 20869517.
37
What is the highest common divisor of 1647 and 2830325031?
1647
What is the highest common divisor of 16 and 4348632?
8
What is the highest common divisor of 3523 and 29224?
13
Calculate the greatest common divisor of 348682 and 65726.
1114
What is the greatest common divisor of 71030982 and 51726?
1398
What is the greatest common divisor of 4067351 and 5199?
1733
What is the greatest common divisor of 18325 and 412679?
733
What is the greatest common factor of 2396 and 120002462?
1198
Calculate the greatest common factor of 520 and 3390595.
65
What is the highest common divisor of 96 and 4971282?
6
Calculate the highest common factor of 28342 and 1248454.
74
What is the highest common factor of 251420 and 335549?
967
Calculate the greatest common divisor of 12385801 and 227.
227
What is the highest common factor of 3856149 and 19305?
99
Calculate the highest common divisor of 14574434 and 28.
14
What is the highest common factor of 6948946 and 10754?
38
Calculate the highest common factor of 14720 and 2109080.
40
Calculate the highest common factor of 1 and 62282975.
1
Calculate the greatest common factor of 39237728 and 736.
32
What is the greatest common divisor of 2436598 and 12654?
1406
Calculate the greatest common divisor of 22397610 and 558996.
7554
Calculate the greatest common factor of 8595 and 413905977.
1719
What is the greatest common divisor of 5396188 and 1127?
7
What is the greatest common factor of 13410 and 168581580?
4470
What is the highest common divisor of 15397 and 6331973?
173
Calculate the greatest common divisor of 3119 and 1992351701.
3119
Calculate the highest common factor of 308117589 and 507.
507
What is the highest common factor of 430 and 23238?
2
What is the greatest common divisor of 8343 and 670113?
81
What is the greatest common divisor of 75846416 and 32?
16
Calculate the greatest common factor of 6774 and 21024238.
2258
Calculate the highest common factor of 13058 and 79046603.
6529
What is the greatest common divisor of 116 and 7419389?
29
Calculate the greatest common factor of 63763820 and 30.
10
What is the highest common divisor of 4130175 and 21?
21
Calculate the highest common factor of 1806 and 5271.
21
Calculate the greatest common divisor of 19720121 and 807.
269
What is the highest common divisor of 26419 and 181127753?
911
What is the highest common divisor of 664218 and 454?
2
Calculate the highest common factor of 781 and 10160425.
11
What is the highest common divisor of 2160 and 59868?
36
What is the greatest common divisor of 23523021 and 774?
387
What is the greatest common factor of 504747 and 54774?
153
Calculate the greatest common divisor of 135619251 and 51.
51
Calculate the highest common factor o